 -11 - -1120?
1102
In base 2, what is -1 + -101111011011?
-101111011100
In base 15, what is 2 + -6d7?
-6d5
In base 13, what is -5 - a52?
-a57
In base 7, what is 200 - 20?
150
In base 13, what is -6a + -4?
-71
In base 10, what is -672 - -1?
-671
In base 11, what is 591 + 0?
591
In base 16, what is 2 + 305?
307
In base 15, what is -2 - 61?
-63
In base 3, what is 12 - 1220?
-1201
In base 6, what is 0 - 3404?
-3404
In base 14, what is 1b + -506?
-4c9
In base 5, what is 4 - 1413?
-1404
In base 16, what is 6b - -4?
6f
In base 14, what is 134 - 21?
113
In base 16, what is 168 - 14?
154
In base 12, what is -6918 + -2?
-691a
In base 16, what is 1a - 9?
11
In base 9, what is 5 - -120?
125
In base 13, what is 126 - 1?
125
In base 3, what is 11 + -22220?
-22202
In base 5, what is 1 + -1021?
-1020
In base 10, what is -1 - -83?
82
In base 15, what is 3 + -57?
-54
In base 5, what is 101203 + 3?
101211
In base 14, what is -4 + 56?
52
In base 16, what is 3 + -162?
-15f
In base 3, what is -12 - 22?
-111
In base 11, what is 3 + -578?
-575
In base 9, what is 51 + -13?
37
In base 2, what is 101 + 1101101?
1110010
In base 9, what is 1412 + 1?
1413
In base 9, what is 1235 + -2?
1233
In base 3, what is 2020012 - 10?
2020002
In base 10, what is 2 + 236?
238
In base 13, what is 2b + 27?
55
In base 8, what is 402 - 0?
402
In base 11, what is -4533 + 5?
-4529
In base 16, what is a2 + -10?
92
In base 12, what is -2 - 96?
-98
In base 9, what is 4 - -1052?
1056
In base 8, what is -3 - 41?
-44
In base 6, what is 111 + -53?
14
In base 14, what is 151d - 2?
151b
In base 4, what is -11 + 12?
1
In base 11, what is 84 - 2?
82
In base 15, what is 1c5 + -4?
1c1
In base 13, what is 120 + -3?
11a
In base 9, what is 6 + 1123?
1130
In base 10, what is -3 + 64?
61
In base 9, what is 167 - -2?
170
In base 15, what is 2 + 130?
132
In base 3, what is 12200 - -100?
20000
In base 16, what is 7 - 11f?
-118
In base 3, what is -1 - 12011?
-12012
In base 13, what is -5 - 1b?
-23
In base 16, what is 79 - 3?
76
In base 16, what is -18a - 3?
-18d
In base 14, what is 3c7 + c?
3d5
In base 13, what is 9 + b?
17
In base 14, what is 2 - -6a5?
6a7
In base 16, what is -3863 + 1?
-3862
In base 5, what is -3 + -201?
-204
In base 12, what is 0 + 58?
58
In base 3, what is 22 + 122201?
200000
In base 6, what is -1525 + 4?
-1521
In base 10, what is -48 - -17?
-31
In base 6, what is 34154 + -4?
34150
In base 10, what is -6 + 164?
158
In base 6, what is -43352 + 4?
-43344
In base 2, what is -110100101 - -110?
-110011111
In base 7, what is -601 + -3?
-604
In base 5, what is -144 + 1?
-143
In base 2, what is 100110 - 101110010?
-101001100
In base 9, what is 17 - 21?
-3
In base 16, what is -a - 1?
-b
In base 10, what is 1805 - -1?
1806
In base 5, what is -4 + 10040?
10031
In base 8, what is 1660 + -3?
1655
In base 11, what is -67 + -51?
-108
In base 3, what is -12 + -2020?
-2102
In base 16, what is -181 + 18?
-169
In base 13, what is b412 + 1?
b413
In base 5, what is 3 + 123402?
123410
In base 5, what is -3102 + -4?
-3111
In base 11, what is -4 - -3?
-1
In base 7, what is 2060 - 4?
2053
In base 12, what is 69 + 4?
71
In base 4, what is 12 - -221?
233
In base 2, what is 1001 + 10001?
11010
In base 10, what is -444 + 65?
-379
In base 12, what is 2850 - -6?
2856
In base 4, what is 3 + 223?
232
In base 3, what is -10 - 10?
-20
In base 3, what is -20200 - -1011?
-12112
In base 11, what is 28 + 24?
51
In base 8, what is 2063 - 0?
2063
In base 15, what is -1 + 168?
167
In base 8, what is 0 - -45?
45
In base 4, what is 10 + -121?
-111
In base 6, what is 23334 - -4?
23342
In base 4, what is 122320 + 0?
122320
In base 2, what is 101001111 + 100?
101010011
In base 13, what is -4 - -37a?
376
In base 12, what is -115b8 - 3?
-115bb
In base 5, what is 1 - -22442?
22443
In base 7, what is -2 + -12?
-14
In base 14, what is -11 - -8?
-7
In base 12, what is -4 - -a6?
a2
In base 7, what is 5 + 3?
11
In base 13, what is -5 - -125?
120
In base 2, what is -1000 + 0?
-1000
In base 12, what is 2 + -5?
-3
In base 6, what is -2305 + -5?
-2314
In base 5, what is -1 - -13342?
13341
In base 12, what is -9 + a?
1
In base 4, what is 23100 - 11?
23023
In base 4, what is 1120030 - 10?
1120020
In base 7, what is -203 + 4?
-166
In base 5, what is 41 - 1044?
-1003
In base 10, what is 2293 + 4?
2297
In base 12, what is -237 - -5?
-232
In base 11, what is 5 - 95?
-90
In base 14, what is a + 45?
51
In base 2, what is -10111 + 1?
-10110
In base 10, what is -2827 + 2?
-2825
In base 12, what is 1 - 4?
-3
In base 2, what is 1000 + 1111110?
10000110
In base 9, what is -334 + -1?
-335
In base 4, what is 310020 + 1?
310021
In base 4, what is -220112 - 2?
-220120
In base 2, what is 0 + -1101?
-1101
In base 13, what is -1376 + -4?
-137a
In base 10, what is 548 - 0?
548
In base 13, what is 4 + 36?
3a
In base 6, what is 13 - -13?
30
In base 2, what is -100111101001110 - -11?
-100111101001011
In base 3, what is 10210 + -1?
10202
In base 11, what is 5 - 627?
-622
In base 12, what is 11 + -1a?
-9
In base 14, what is daa + -2?
da8
In base 5, what is 4 - 2400?
-2341
In base 2, what is 100000001100111 + 100?
100000001101011
In base 3, what is 120 - 10202?
-10012
In base 6, what is 2 - 224?
-222
In base 4, what is -32 - 0?
-32
In base 2, what is -100 - 1000110?
-1001010
In base 3, what is -10 + -102?
-112
In base 9, what is 23 + -3?
20
In base 2, what is -11110010010 - -101?
-11110001101
In base 14, what is -17 - -26?
d
In base 13, what is 5 - 1a9?
-1a4
In base 14, what is 119b - -1?
119c
In base 11, what is -4 - 6?
-a
In base 10, what is 1 - -20?
21
In base 7, what is -3 - 103?
-106
In base 2, what is 11 + 101101011?
101101110
In base 6, what is 5 + -140?
-131
In base 7, what is 5 - -116?
124
In base 6, what is 44 - 2?
42
In base 5, what is -1 - -432?
431
In base 15, what is -5 + 12?
c
In base 7, what is -4 + -620?
-624
In base 2, what is -11000011000 - 100?
-11000011100
In base 2, what is -1010011 + -110100?
-10000111
In base 9, what is 5 - -3081?
3086
In base 3, what is -22010 + -22?
-22102
In base 4, what is 0 + 31?
31
In base 3, what is -212 - 11?
-1000
In base 15, what is d9 + -2?
d7
In base 10, what is -5 + -540?
-545
In base 4, what is 11 - 302331?
-302320
In base 12, what is -4a8 + -4?
-4b0
In base 6, what is -2 - -351?
345
In base 10, what is 10 + 2?
12
In base 6, what is 25 - -1055?
1124
In base 4, what is -11302012 - -10?
-11302002
In base 9, what is 1856 + 20?
1876
In base 7, what is 1 + 5655?
5656
In base 11, what is -336 - 8?
-343
In base 4, what is -20122 + -2?
-20130
In base 4, what is 13 - -1131?
1210
In base 2, what is 1 - -1000011?
1000100
In base 9, what is -8 - 222?
-231
In base 9, what is 45 + 5?
51
In base 13, what is 9 - -4?
10
In base 14, what is 6a - 4?
66
In base 5, what is -1 - -42?
41
In base 3, what is -202 - 1121?
-2100
In base 10, what is 146 - -46?
192
In base 16, what is -3ed + -8?
-3f5
In base 15, what is 5 - -130c?
1312
In base 13, what is 23b5 + 1?
23b6
In base 10, what is 513 - 0?
513
In base 2, what is -1101101 - -110?
-1100111
In base 10, what is -1124 - 4?
-1128
In base 9, what is 24256 - 0?
24256
In base 7, what is 11 + 2?
13
In base 13, what is 4 + 11?
15
In base 2, what is 0 - 100010101?
-100010101
In base 9, what is -1566 - 4?
-1571
In base 9, what is -158 + 5?
-153
In base 4, what is -21 + -32132?
-32213
In base 11, what is 2 - 18?
-16
In base 16, what is -183 - 3?
-186
In base 2, what is -11010 + 1101?
-1101
In base 8, what is 261 - 10?
251
In base 16, what is -9 + -1?
-a
In base 15, what is -22 - -9c?
7a
In base 12, what is 2381 - -3?
2384
In base 10, what is -5670 - -3?
-5667
In base 8, what is 5 + -25?
-20
In base 8, what is -3 + -45?
-50
In base 4, what is 1100230 + 11?
1100301
In base 2, what is -11 + -111111100?
-111111111
In base 16, what is -148 - 6?
-14e
In base 3, what is -12221 - -112?
-12102
In base 6, what is -30 - 10?
-40
In base 8, what is 557 - -6?
565
In base 12, what is 1 - -17a?
17b
In base 14, what is 522 - 10?
512
In base 5, what is 1 + -144?
-143
In base 16, what is 351 - -2?
353
In base 11, what is -41a - 9?
-428
In base 8, what is 1401 - 5?
1374
In base 11, what is -10 - -4?
-7
In base 10, what is 3 - 38?
-35
In base 11, what is 567 + 3?
56a
In base 10, what is 24 + 58?
82
In base 3, what is -10 +